 the tens digit of 602?
0
What is the tens digit of 5399?
9
What is the units digit of 5101?
1
What is the tens digit of 119427?
2
What is the tens digit of 236?
3
What is the tens digit of 8840?
4
What is the hundreds digit of 2411?
4
What is the units digit of 1535?
5
What is the units digit of 5313?
3
What is the tens digit of 136369?
6
What is the thousands digit of 5221?
5
What is the hundreds digit of 4516?
5
What is the tens digit of 43648?
4
What is the thousands digit of 18355?
8
What is the ten thousands digit of 33237?
3
What is the tens digit of 1434?
3
What is the tens digit of 39989?
8
What is the tens digit of 1175?
7
What is the hundreds digit of 14215?
2
What is the units digit of 2044?
4
What is the tens digit of 977?
7
What is the hundreds digit of 10538?
5
What is the units digit of 7600?
0
What is the units digit of 21783?
3
What is the units digit of 2833?
3
What is the hundreds digit of 61765?
7
What is the units digit of 3514?
4
What is the tens digit of 1546?
4
What is the hundreds digit of 575?
5
What is the ten thousands digit of 96109?
9
What is the ten thousands digit of 41461?
4
What is the hundreds digit of 14849?
8
What is the tens digit of 9052?
5
What is the hundreds digit of 72328?
3
What is the hundreds digit of 4228?
2
What is the hundreds digit of 1155?
1
What is the thousands digit of 2704?
2
What is the tens digit of 5369?
6
What is the units digit of 32305?
5
What is the thousands digit of 63370?
3
What is the tens digit of 1016?
1
What is the hundreds digit of 1174?
1
What is the hundreds digit of 923?
9
What is the hundreds digit of 2628?
6
What is the tens digit of 4354?
5
What is the thousands digit of 6735?
6
What is the hundreds digit of 6886?
8
What is the thousands digit of 55112?
5
What is the tens digit of 321?
2
What is the units digit of 1197?
7
What is the units digit of 390?
0
What is the units digit of 1675?
5
What is the hundreds digit of 477?
4
What is the hundreds digit of 60279?
2
What is the hundreds digit of 2412?
4
What is the thousands digit of 3833?
3
What is the tens digit of 55191?
9
What is the units digit of 7412?
2
What is the units digit of 5921?
1
What is the hundreds digit of 5343?
3
What is the ten thousands digit of 42913?
4
What is the units digit of 447?
7
What is the units digit of 1729?
9
What is the tens digit of 107972?
7
What is the thousands digit of 1532?
1
What is the tens digit of 8108?
0
What is the units digit of 1100?
0
What is the units digit of 733?
3
What is the tens digit of 12758?
5
What is the units digit of 1118?
8
What is the units digit of 161357?
7
What is the units digit of 16452?
2
What is the hundreds digit of 8050?
0
What is the hundreds digit of 437?
4
What is the thousands digit of 26337?
6
What is the thousands digit of 16426?
6
What is the ten thousands digit of 78504?
7
What is the tens digit of 3040?
4
What is the hundreds digit of 1069?
0
What is the units digit of 3367?
7
What is the ten thousands digit of 28269?
2
What is the hundreds digit of 572?
5
What is the hundreds digit of 4223?
2
What is the tens digit of 11635?
3
What is the ten thousands digit of 103364?
0
What is the hundreds digit of 28032?
0
What is the tens digit of 29613?
1
What is the thousands digit of 10118?
0
What is the units digit of 1591?
1
What is the tens digit of 1885?
8
What is the hundreds digit of 91753?
7
What is the tens digit of 8995?
9
What is the units digit of 1878?
8
What is the thousands digit of 9640?
9
What is the units digit of 2038?
8
What is the units digit of 58015?
5
What is the units digit of 2171?
1
What is the ten thousands digit of 21199?
2
What is the thousands digit of 5342?
5
What is the tens digit of 581?
8
What is the units digit of 35415?
5
What is the units digit of 323?
3
What is the tens digit of 274?
7
What is the hundreds digit of 1832?
8
What is the units digit of 5508?
8
What is the tens digit of 839?
3
What is the units digit of 8119?
9
What is the units digit of 3341?
1
What is the tens digit of 444?
4
What is the hundreds digit of 2129?
1
What is the hundreds digit of 8479?
4
What is the tens digit of 9774?
7
What is the tens digit of 1791?
9
What is the hundreds digit of 332?
3
What is the tens digit of 11087?
8
What is the tens digit of 853?
5
What is the tens digit of 2097?
9
What is the hundreds digit of 982?
9
What is the tens digit of 2550?
5
What is the units digit of 737?
7
What is the tens digit of 22560?
6
What is the ten thousands digit of 49447?
4
What is the thousands digit of 2102?
2
What is the hundreds digit of 1371?
3
What is the ten thousands digit of 34440?
3
What is the hundreds digit of 996?
9
What is the tens digit of 162?
6
What is the hundred thousands digit of 163752?
1
What is the tens digit of 6771?
7
What is the tens digit of 13842?
4
What is the units digit of 677?
7
What is the hundreds digit of 4292?
2
What is the tens digit of 1188?
8
What is the units digit of 45616?
6
What is the tens digit of 1202?
0
What is the units digit of 9?
9
What is the units digit of 6515?
5
What is the hundreds digit of 1272?
2
What is the thousands digit of 2212?
2
What is the thousands digit of 1686?
1
What is the ten thousands digit of 25170?
2
What is the tens digit of 3659?
5
What is the ten thousands digit of 13138?
1
What is the hundreds digit of 256?
2
What is the hundreds digit of 2503?
5
What is the units digit of 83626?
6
What is the hundreds digit of 114?
1
What is the tens digit of 15061?
6
What is the tens digit of 82954?
5
What is the units digit of 109979?
9
What is the tens digit of 7385?
8
What is the thousands digit of 74019?
4
What is the hundreds digit of 13433?
4
What is the thousands digit of 25151?
5
What is the tens digit of 433?
3
What is the units digit of 14087?
7
What is the thousands digit of 3687?
3
What is the hundreds digit of 47917?
9
What is the hundreds digit of 71678?
6
What is the units digit of 2722?
2
What is the tens digit of 893?
9
What is the hundreds digit of 4972?
9
What is the units digit of 119?
9
What is the hundreds digit of 2332?
3
What is the tens digit of 13423?
2
What is the thousands digit of 1005?
1
What is the tens digit of 639?
3
What is the units digit of 3032?
2
What is the hundreds digit of 108?
1
What is the units digit of 29059?
9
What is the thousands digit of 34386?
4
What is the hundreds digit of 20990?
9
What is the tens digit of 17?
1
What is the hundreds digit of 13478?
4
What is the tens digit of 3709?
0
What is the units digit of 10771?
1
What is the thousands digit of 76733?
6
What is the units digit of 25192?
2
What is the thousands digit of 5109?
5
What is the units digit of 4044?
4
What is the units digit of 1172?
2
What is the units digit of 4523?
3
What is the hundreds digit of 15990?
9
What is the hundreds digit of 692?
6
What is the thousands digit of 7246?
7
What is the units digit of 68148?
8
What is the hundreds digit of 3273?
2
What is the units digit of 165500?
0
What is the units digit of 41354?
4
What is the units digit of 348?
8
What is the hundreds digit of 927?
9
What is the thousands digit of 71326?
1
What is the hundreds digit of 51078?
0
What is the hundreds digit of 804?
8
What is the thousands digit of 10379?
0
What is the ten thousands digit of 12232?
1
What is the ten thousands digit of 10315?
1
What is the units digit of 12560?
0
What is the hundreds digit of 2863?
8
What is the hundreds digit of 14111?
1
What is the ten thousands digit of 10519?
1
What is the thousands digit of 32410?
2
What is the tens digit of 90?
9
What is the units digit of 50876?
6
What is the tens digit of 27100?
0
What is the hundreds digit of 294?
2
What is the hundreds digit of 68101?
1
What is the units digit of 9140?
0
What is the hundreds digit of 33517?
5
What is the tens digit of 31184?
8
What is the units digit of 74642?
2
What is the units digit of 61?
1
What is the ten thousands digit of 31538?
3
What is the hundreds digit of 11932?
9
What is the tens digit of 143?
4
What is the thousands digit of 11059?
1
What is the units digit of 17678?
8
What is the units digit of 3110?
0
What is the hundreds digit of 372?
3
What is the tens digit of 9811?
1
What is the units digit of 31740?
0
What is the thousands digit of 5491?
5
What is t